{"id":1191,"date":"2023-08-25T09:09:40","date_gmt":"2023-08-25T09:09:40","guid":{"rendered":"https:\/\/kamieniarstwokacpra.dev.phuceno.pl\/?page_id=1191"},"modified":"2023-08-25T10:26:46","modified_gmt":"2023-08-25T10:26:46","slug":"kontakt","status":"publish","type":"page","link":"https:\/\/kamieniarstwokacpra.dev.phuceno.pl\/index.php\/kontakt\/","title":{"rendered":"Kontakt"},"content":{"rendered":"<div class=\"wpforms-container wpforms-container-full wpforms-block wpforms-block-46b65036-cfd3-4eb5-aa74-86374fa2b3d8 wpforms-render-modern\" id=\"wpforms-1201\"><form id=\"wpforms-form-1201\" class=\"wpforms-validate wpforms-form wpforms-ajax-form\" data-formid=\"1201\" method=\"post\" enctype=\"multipart\/form-data\" action=\"\/index.php\/wp-json\/wp\/v2\/pages\/1191\" data-token=\"ee6ccd467262b020366414c703bb25f3\" data-token-time=\"1776098583\"><noscript class=\"wpforms-error-noscript\">Aby wype\u0142ni\u0107 ten formularz, w\u0142\u0105cz obs\u0142ug\u0119 JavaScript w przegl\u0105darce.<\/noscript><div id=\"wpforms-error-noscript\" style=\"display: none;\">Aby wype\u0142ni\u0107 ten formularz, w\u0142\u0105cz obs\u0142ug\u0119 JavaScript w przegl\u0105darce.<\/div><div class=\"wpforms-field-container\"><div id=\"wpforms-1201-field_0-container\" class=\"wpforms-field wpforms-field-name\" data-field-id=\"0\"><label class=\"wpforms-field-label\" for=\"wpforms-1201-field_0\">Imi\u0119 i nazwisko <span class=\"wpforms-required-label\" aria-hidden=\"true\">*<\/span><\/label><input type=\"text\" id=\"wpforms-1201-field_0\" class=\"wpforms-field-medium wpforms-field-required\" name=\"wpforms[fields][0]\" aria-errormessage=\"wpforms-1201-field_0-error\" required><\/div><div id=\"wpforms-1201-field_1-container\" class=\"wpforms-field wpforms-field-email\" data-field-id=\"1\"><label class=\"wpforms-field-label\" for=\"wpforms-1201-field_1\">E-mail <span class=\"wpforms-required-label\" aria-hidden=\"true\">*<\/span><\/label><input type=\"email\" id=\"wpforms-1201-field_1\" class=\"wpforms-field-medium wpforms-field-required\" name=\"wpforms[fields][1]\" spellcheck=\"false\" aria-errormessage=\"wpforms-1201-field_1-error\" required><\/div><div id=\"wpforms-1201-field_3-container\" class=\"wpforms-field wpforms-field-text\" data-field-id=\"3\"><label class=\"wpforms-field-label\" for=\"wpforms-1201-field_3\">Temat wiadomo\u015bci <span class=\"wpforms-required-label\" aria-hidden=\"true\">*<\/span><\/label><input type=\"text\" id=\"wpforms-1201-field_3\" class=\"wpforms-field-medium wpforms-field-required\" name=\"wpforms[fields][3]\" aria-errormessage=\"wpforms-1201-field_3-error\" required><\/div><div id=\"wpforms-1201-field_2-container\" class=\"wpforms-field wpforms-field-textarea\" data-field-id=\"2\"><label class=\"wpforms-field-label\" for=\"wpforms-1201-field_2\">Wiadomo\u015b\u0107 <span class=\"wpforms-required-label\" aria-hidden=\"true\">*<\/span><\/label><textarea id=\"wpforms-1201-field_2\" class=\"wpforms-field-large wpforms-field-required\" name=\"wpforms[fields][2]\" aria-errormessage=\"wpforms-1201-field_2-error\" required><\/textarea><\/div><\/div><!-- .wpforms-field-container --><div class=\"wpforms-recaptcha-container wpforms-is-recaptcha wpforms-is-recaptcha-type-v3\" ><input type=\"hidden\" name=\"wpforms[recaptcha]\" value=\"\"><\/div><div class=\"wpforms-submit-container\" ><input type=\"hidden\" name=\"wpforms[id]\" value=\"1201\"><input type=\"hidden\" name=\"page_title\" value=\"\"><input type=\"hidden\" name=\"page_url\" value=\"https:\/\/kamieniarstwokacpra.dev.phuceno.pl\/index.php\/wp-json\/wp\/v2\/pages\/1191\"><input type=\"hidden\" name=\"url_referer\" value=\"\"><button type=\"submit\" name=\"wpforms[submit]\" id=\"wpforms-submit-1201\" class=\"wpforms-submit form-submit-button\" data-alt-text=\"Wysy\u0142anie...\" data-submit-text=\"Wy\u015blij\" aria-live=\"assertive\" value=\"wpforms-submit\">Wy\u015blij<\/button><img loading=\"lazy\" decoding=\"async\" src=\"https:\/\/kamieniarstwokacpra.dev.phuceno.pl\/wp-content\/plugins\/wpforms-lite\/assets\/images\/submit-spin.svg\" class=\"wpforms-submit-spinner\" style=\"display: none;\" width=\"26\" height=\"26\" alt=\"Wczytywanie\"><\/div><\/form><\/div>  <!-- .wpforms-container -->","protected":false},"excerpt":{"rendered":"","protected":false},"author":1,"featured_media":0,"parent":0,"menu_order":0,"comment_status":"closed","ping_status":"closed","template":"","meta":{"footnotes":""},"class_list":["post-1191","page","type-page","status-publish","hentry"],"yoast_head":"<!-- This site is optimized with the Yoast SEO plugin v26.8 - https:\/\/yoast.com\/product\/yoast-seo-wordpress\/ -->\n<title>Kontakt - Kamieniarstwo Kacpra<\/title>\n<meta name=\"robots\" content=\"index, follow, max-snippet:-1, max-image-preview:large, max-video-preview:-1\" \/>\n<link rel=\"canonical\" href=\"https:\/\/kamieniarstwokacpra.dev.phuceno.pl\/index.php\/kontakt\/\" \/>\n<meta property=\"og:locale\" content=\"pl_PL\" \/>\n<meta property=\"og:type\" content=\"article\" \/>\n<meta property=\"og:title\" content=\"Kontakt - Kamieniarstwo Kacpra\" \/>\n<meta property=\"og:url\" content=\"https:\/\/kamieniarstwokacpra.dev.phuceno.pl\/index.php\/kontakt\/\" \/>\n<meta property=\"og:site_name\" content=\"Kamieniarstwo Kacpra\" \/>\n<meta property=\"article:modified_time\" content=\"2023-08-25T10:26:46+00:00\" \/>\n<meta name=\"twitter:card\" content=\"summary_large_image\" \/>\n<script type=\"application\/ld+json\" class=\"yoast-schema-graph\">{\"@context\":\"https:\/\/schema.org\",\"@graph\":[{\"@type\":\"WebPage\",\"@id\":\"https:\/\/kamieniarstwokacpra.dev.phuceno.pl\/index.php\/kontakt\/\",\"url\":\"https:\/\/kamieniarstwokacpra.dev.phuceno.pl\/index.php\/kontakt\/\",\"name\":\"Kontakt - Kamieniarstwo Kacpra\",\"isPartOf\":{\"@id\":\"https:\/\/kamieniarstwokacpra.dev.phuceno.pl\/#website\"},\"datePublished\":\"2023-08-25T09:09:40+00:00\",\"dateModified\":\"2023-08-25T10:26:46+00:00\",\"breadcrumb\":{\"@id\":\"https:\/\/kamieniarstwokacpra.dev.phuceno.pl\/index.php\/kontakt\/#breadcrumb\"},\"inLanguage\":\"pl-PL\",\"potentialAction\":[{\"@type\":\"ReadAction\",\"target\":[\"https:\/\/kamieniarstwokacpra.dev.phuceno.pl\/index.php\/kontakt\/\"]}]},{\"@type\":\"BreadcrumbList\",\"@id\":\"https:\/\/kamieniarstwokacpra.dev.phuceno.pl\/index.php\/kontakt\/#breadcrumb\",\"itemListElement\":[{\"@type\":\"ListItem\",\"position\":1,\"name\":\"Strona g\u0142\u00f3wna\",\"item\":\"https:\/\/kamieniarstwokacpra.dev.phuceno.pl\/\"},{\"@type\":\"ListItem\",\"position\":2,\"name\":\"Kontakt\"}]},{\"@type\":\"WebSite\",\"@id\":\"https:\/\/kamieniarstwokacpra.dev.phuceno.pl\/#website\",\"url\":\"https:\/\/kamieniarstwokacpra.dev.phuceno.pl\/\",\"name\":\"Kamieniarstwo Kacpra\",\"description\":\"Kompleksowe prace z kamienia naturalnego\",\"publisher\":{\"@id\":\"https:\/\/kamieniarstwokacpra.dev.phuceno.pl\/#organization\"},\"potentialAction\":[{\"@type\":\"SearchAction\",\"target\":{\"@type\":\"EntryPoint\",\"urlTemplate\":\"https:\/\/kamieniarstwokacpra.dev.phuceno.pl\/?s={search_term_string}\"},\"query-input\":{\"@type\":\"PropertyValueSpecification\",\"valueRequired\":true,\"valueName\":\"search_term_string\"}}],\"inLanguage\":\"pl-PL\"},{\"@type\":\"Organization\",\"@id\":\"https:\/\/kamieniarstwokacpra.dev.phuceno.pl\/#organization\",\"name\":\"Kamieniarstwo Kacpra\",\"url\":\"https:\/\/kamieniarstwokacpra.dev.phuceno.pl\/\",\"logo\":{\"@type\":\"ImageObject\",\"inLanguage\":\"pl-PL\",\"@id\":\"https:\/\/kamieniarstwokacpra.dev.phuceno.pl\/#\/schema\/logo\/image\/\",\"url\":\"https:\/\/kamieniarstwokacpra.dev.phuceno.pl\/wp-content\/uploads\/2023\/03\/cropped-logo.webp\",\"contentUrl\":\"https:\/\/kamieniarstwokacpra.dev.phuceno.pl\/wp-content\/uploads\/2023\/03\/cropped-logo.webp\",\"width\":500,\"height\":500,\"caption\":\"Kamieniarstwo Kacpra\"},\"image\":{\"@id\":\"https:\/\/kamieniarstwokacpra.dev.phuceno.pl\/#\/schema\/logo\/image\/\"}}]}<\/script>\n<!-- \/ Yoast SEO plugin. -->","yoast_head_json":{"title":"Kontakt - Kamieniarstwo Kacpra","robots":{"index":"index","follow":"follow","max-snippet":"max-snippet:-1","max-image-preview":"max-image-preview:large","max-video-preview":"max-video-preview:-1"},"canonical":"https:\/\/kamieniarstwokacpra.dev.phuceno.pl\/index.php\/kontakt\/","og_locale":"pl_PL","og_type":"article","og_title":"Kontakt - Kamieniarstwo Kacpra","og_url":"https:\/\/kamieniarstwokacpra.dev.phuceno.pl\/index.php\/kontakt\/","og_site_name":"Kamieniarstwo Kacpra","article_modified_time":"2023-08-25T10:26:46+00:00","twitter_card":"summary_large_image","schema":{"@context":"https:\/\/schema.org","@graph":[{"@type":"WebPage","@id":"https:\/\/kamieniarstwokacpra.dev.phuceno.pl\/index.php\/kontakt\/","url":"https:\/\/kamieniarstwokacpra.dev.phuceno.pl\/index.php\/kontakt\/","name":"Kontakt - Kamieniarstwo Kacpra","isPartOf":{"@id":"https:\/\/kamieniarstwokacpra.dev.phuceno.pl\/#website"},"datePublished":"2023-08-25T09:09:40+00:00","dateModified":"2023-08-25T10:26:46+00:00","breadcrumb":{"@id":"https:\/\/kamieniarstwokacpra.dev.phuceno.pl\/index.php\/kontakt\/#breadcrumb"},"inLanguage":"pl-PL","potentialAction":[{"@type":"ReadAction","target":["https:\/\/kamieniarstwokacpra.dev.phuceno.pl\/index.php\/kontakt\/"]}]},{"@type":"BreadcrumbList","@id":"https:\/\/kamieniarstwokacpra.dev.phuceno.pl\/index.php\/kontakt\/#breadcrumb","itemListElement":[{"@type":"ListItem","position":1,"name":"Strona g\u0142\u00f3wna","item":"https:\/\/kamieniarstwokacpra.dev.phuceno.pl\/"},{"@type":"ListItem","position":2,"name":"Kontakt"}]},{"@type":"WebSite","@id":"https:\/\/kamieniarstwokacpra.dev.phuceno.pl\/#website","url":"https:\/\/kamieniarstwokacpra.dev.phuceno.pl\/","name":"Kamieniarstwo Kacpra","description":"Kompleksowe prace z kamienia naturalnego","publisher":{"@id":"https:\/\/kamieniarstwokacpra.dev.phuceno.pl\/#organization"},"potentialAction":[{"@type":"SearchAction","target":{"@type":"EntryPoint","urlTemplate":"https:\/\/kamieniarstwokacpra.dev.phuceno.pl\/?s={search_term_string}"},"query-input":{"@type":"PropertyValueSpecification","valueRequired":true,"valueName":"search_term_string"}}],"inLanguage":"pl-PL"},{"@type":"Organization","@id":"https:\/\/kamieniarstwokacpra.dev.phuceno.pl\/#organization","name":"Kamieniarstwo Kacpra","url":"https:\/\/kamieniarstwokacpra.dev.phuceno.pl\/","logo":{"@type":"ImageObject","inLanguage":"pl-PL","@id":"https:\/\/kamieniarstwokacpra.dev.phuceno.pl\/#\/schema\/logo\/image\/","url":"https:\/\/kamieniarstwokacpra.dev.phuceno.pl\/wp-content\/uploads\/2023\/03\/cropped-logo.webp","contentUrl":"https:\/\/kamieniarstwokacpra.dev.phuceno.pl\/wp-content\/uploads\/2023\/03\/cropped-logo.webp","width":500,"height":500,"caption":"Kamieniarstwo Kacpra"},"image":{"@id":"https:\/\/kamieniarstwokacpra.dev.phuceno.pl\/#\/schema\/logo\/image\/"}}]}},"_links":{"self":[{"href":"https:\/\/kamieniarstwokacpra.dev.phuceno.pl\/index.php\/wp-json\/wp\/v2\/pages\/1191","targetHints":{"allow":["GET"]}}],"collection":[{"href":"https:\/\/kamieniarstwokacpra.dev.phuceno.pl\/index.php\/wp-json\/wp\/v2\/pages"}],"about":[{"href":"https:\/\/kamieniarstwokacpra.dev.phuceno.pl\/index.php\/wp-json\/wp\/v2\/types\/page"}],"author":[{"embeddable":true,"href":"https:\/\/kamieniarstwokacpra.dev.phuceno.pl\/index.php\/wp-json\/wp\/v2\/users\/1"}],"replies":[{"embeddable":true,"href":"https:\/\/kamieniarstwokacpra.dev.phuceno.pl\/index.php\/wp-json\/wp\/v2\/comments?post=1191"}],"version-history":[{"count":6,"href":"https:\/\/kamieniarstwokacpra.dev.phuceno.pl\/index.php\/wp-json\/wp\/v2\/pages\/1191\/revisions"}],"predecessor-version":[{"id":1205,"href":"https:\/\/kamieniarstwokacpra.dev.phuceno.pl\/index.php\/wp-json\/wp\/v2\/pages\/1191\/revisions\/1205"}],"wp:attachment":[{"href":"https:\/\/kamieniarstwokacpra.dev.phuceno.pl\/index.php\/wp-json\/wp\/v2\/media?parent=1191"}],"curies":[{"name":"wp","href":"https:\/\/api.w.org\/{rel}","templated":true}]}}