{"id":1622,"date":"2023-10-24T09:19:12","date_gmt":"2023-10-24T09:19:12","guid":{"rendered":"https:\/\/kamieniarstwokacpra.dev.phuceno.pl\/?page_id=1622"},"modified":"2024-09-23T09:18:35","modified_gmt":"2024-09-23T09:18:35","slug":"uslugi-kamieniarskie","status":"publish","type":"page","link":"https:\/\/kamieniarstwokacpra.dev.phuceno.pl\/index.php\/uslugi-kamieniarskie\/","title":{"rendered":"Us\u0142ugi"},"content":{"rendered":"\n<p>W\u015br\u00f3d oferowanych us\u0142ug znajduj\u0105 si\u0119 mi\u0119dzy innymi:<\/p>\n\n\n\n<div class=\"wp-block-group has-global-padding is-layout-constrained wp-block-group-is-layout-constrained\">\n<ul>\n<li>Budownictwo niestandardowe, jak na przyk\u0142ad: projekty indywidualne z wykorzystaniem drewna, wody, wzory z kamienia, \u015bciany dekoracyjne, ruiny, itp.<\/li>\n\n\n\n<li>Aran\u017cacje wn\u0119trz (kamienne \u015bciany, zabudowy wanien, wysp kuchennych, futryn)<\/li>\n\n\n\n<li>Elewacje, tarasy<\/li>\n\n\n\n<li>P\u0142oty, wykusze<\/li>\n\n\n\n<li>Domki ogrodowe<\/li>\n\n\n\n<li>Murki oporowe<\/li>\n\n\n\n<li>Kominki<\/li>\n\n\n\n<li>Grille, w\u0119dzarnie<\/li>\n\n\n\n<li>Kominy<\/li>\n\n\n\n<li>\u015acie\u017cki, chodniki<\/li>\n\n\n\n<li>Oczka wodne, kaskady<\/li>\n<\/ul>\n<\/div>\n","protected":false},"excerpt":{"rendered":"<p>W\u015br\u00f3d oferowanych us\u0142ug znajduj\u0105 si\u0119 mi\u0119dzy innymi:<\/p>\n","protected":false},"author":1,"featured_media":0,"parent":0,"menu_order":0,"comment_status":"closed","ping_status":"closed","template":"","meta":{"footnotes":""},"class_list":["post-1622","page","type-page","status-publish","hentry"],"yoast_head":"<!-- This site is optimized with the Yoast SEO plugin v26.8 - https:\/\/yoast.com\/product\/yoast-seo-wordpress\/ -->\n<title>Us\u0142ugi - Kamieniarstwo Kacpra<\/title>\n<meta name=\"robots\" content=\"index, follow, max-snippet:-1, max-image-preview:large, max-video-preview:-1\" \/>\n<link rel=\"canonical\" href=\"https:\/\/kamieniarstwokacpra.dev.phuceno.pl\/index.php\/uslugi-kamieniarskie\/\" \/>\n<meta property=\"og:locale\" content=\"pl_PL\" \/>\n<meta property=\"og:type\" content=\"article\" \/>\n<meta property=\"og:title\" content=\"Us\u0142ugi - Kamieniarstwo Kacpra\" \/>\n<meta property=\"og:description\" content=\"W\u015br\u00f3d oferowanych us\u0142ug znajduj\u0105 si\u0119 mi\u0119dzy innymi:\" \/>\n<meta property=\"og:url\" content=\"https:\/\/kamieniarstwokacpra.dev.phuceno.pl\/index.php\/uslugi-kamieniarskie\/\" \/>\n<meta property=\"og:site_name\" content=\"Kamieniarstwo Kacpra\" \/>\n<meta property=\"article:modified_time\" content=\"2024-09-23T09:18:35+00:00\" \/>\n<meta name=\"twitter:card\" content=\"summary_large_image\" \/>\n<meta name=\"twitter:label1\" content=\"Szacowany czas czytania\" \/>\n\t<meta name=\"twitter:data1\" content=\"1 minuta\" \/>\n<script type=\"application\/ld+json\" class=\"yoast-schema-graph\">{\"@context\":\"https:\/\/schema.org\",\"@graph\":[{\"@type\":\"WebPage\",\"@id\":\"https:\/\/kamieniarstwokacpra.dev.phuceno.pl\/index.php\/uslugi-kamieniarskie\/\",\"url\":\"https:\/\/kamieniarstwokacpra.dev.phuceno.pl\/index.php\/uslugi-kamieniarskie\/\",\"name\":\"Us\u0142ugi - Kamieniarstwo Kacpra\",\"isPartOf\":{\"@id\":\"https:\/\/kamieniarstwokacpra.dev.phuceno.pl\/#website\"},\"datePublished\":\"2023-10-24T09:19:12+00:00\",\"dateModified\":\"2024-09-23T09:18:35+00:00\",\"breadcrumb\":{\"@id\":\"https:\/\/kamieniarstwokacpra.dev.phuceno.pl\/index.php\/uslugi-kamieniarskie\/#breadcrumb\"},\"inLanguage\":\"pl-PL\",\"potentialAction\":[{\"@type\":\"ReadAction\",\"target\":[\"https:\/\/kamieniarstwokacpra.dev.phuceno.pl\/index.php\/uslugi-kamieniarskie\/\"]}]},{\"@type\":\"BreadcrumbList\",\"@id\":\"https:\/\/kamieniarstwokacpra.dev.phuceno.pl\/index.php\/uslugi-kamieniarskie\/#breadcrumb\",\"itemListElement\":[{\"@type\":\"ListItem\",\"position\":1,\"name\":\"Strona g\u0142\u00f3wna\",\"item\":\"https:\/\/kamieniarstwokacpra.dev.phuceno.pl\/\"},{\"@type\":\"ListItem\",\"position\":2,\"name\":\"Us\u0142ugi\"}]},{\"@type\":\"WebSite\",\"@id\":\"https:\/\/kamieniarstwokacpra.dev.phuceno.pl\/#website\",\"url\":\"https:\/\/kamieniarstwokacpra.dev.phuceno.pl\/\",\"name\":\"Kamieniarstwo Kacpra\",\"description\":\"Kompleksowe prace z kamienia naturalnego\",\"publisher\":{\"@id\":\"https:\/\/kamieniarstwokacpra.dev.phuceno.pl\/#organization\"},\"potentialAction\":[{\"@type\":\"SearchAction\",\"target\":{\"@type\":\"EntryPoint\",\"urlTemplate\":\"https:\/\/kamieniarstwokacpra.dev.phuceno.pl\/?s={search_term_string}\"},\"query-input\":{\"@type\":\"PropertyValueSpecification\",\"valueRequired\":true,\"valueName\":\"search_term_string\"}}],\"inLanguage\":\"pl-PL\"},{\"@type\":\"Organization\",\"@id\":\"https:\/\/kamieniarstwokacpra.dev.phuceno.pl\/#organization\",\"name\":\"Kamieniarstwo Kacpra\",\"url\":\"https:\/\/kamieniarstwokacpra.dev.phuceno.pl\/\",\"logo\":{\"@type\":\"ImageObject\",\"inLanguage\":\"pl-PL\",\"@id\":\"https:\/\/kamieniarstwokacpra.dev.phuceno.pl\/#\/schema\/logo\/image\/\",\"url\":\"https:\/\/kamieniarstwokacpra.dev.phuceno.pl\/wp-content\/uploads\/2023\/03\/cropped-logo.webp\",\"contentUrl\":\"https:\/\/kamieniarstwokacpra.dev.phuceno.pl\/wp-content\/uploads\/2023\/03\/cropped-logo.webp\",\"width\":500,\"height\":500,\"caption\":\"Kamieniarstwo Kacpra\"},\"image\":{\"@id\":\"https:\/\/kamieniarstwokacpra.dev.phuceno.pl\/#\/schema\/logo\/image\/\"}}]}<\/script>\n<!-- \/ Yoast SEO plugin. -->","yoast_head_json":{"title":"Us\u0142ugi - Kamieniarstwo Kacpra","robots":{"index":"index","follow":"follow","max-snippet":"max-snippet:-1","max-image-preview":"max-image-preview:large","max-video-preview":"max-video-preview:-1"},"canonical":"https:\/\/kamieniarstwokacpra.dev.phuceno.pl\/index.php\/uslugi-kamieniarskie\/","og_locale":"pl_PL","og_type":"article","og_title":"Us\u0142ugi - Kamieniarstwo Kacpra","og_description":"W\u015br\u00f3d oferowanych us\u0142ug znajduj\u0105 si\u0119 mi\u0119dzy innymi:","og_url":"https:\/\/kamieniarstwokacpra.dev.phuceno.pl\/index.php\/uslugi-kamieniarskie\/","og_site_name":"Kamieniarstwo Kacpra","article_modified_time":"2024-09-23T09:18:35+00:00","twitter_card":"summary_large_image","twitter_misc":{"Szacowany czas czytania":"1 minuta"},"schema":{"@context":"https:\/\/schema.org","@graph":[{"@type":"WebPage","@id":"https:\/\/kamieniarstwokacpra.dev.phuceno.pl\/index.php\/uslugi-kamieniarskie\/","url":"https:\/\/kamieniarstwokacpra.dev.phuceno.pl\/index.php\/uslugi-kamieniarskie\/","name":"Us\u0142ugi - Kamieniarstwo Kacpra","isPartOf":{"@id":"https:\/\/kamieniarstwokacpra.dev.phuceno.pl\/#website"},"datePublished":"2023-10-24T09:19:12+00:00","dateModified":"2024-09-23T09:18:35+00:00","breadcrumb":{"@id":"https:\/\/kamieniarstwokacpra.dev.phuceno.pl\/index.php\/uslugi-kamieniarskie\/#breadcrumb"},"inLanguage":"pl-PL","potentialAction":[{"@type":"ReadAction","target":["https:\/\/kamieniarstwokacpra.dev.phuceno.pl\/index.php\/uslugi-kamieniarskie\/"]}]},{"@type":"BreadcrumbList","@id":"https:\/\/kamieniarstwokacpra.dev.phuceno.pl\/index.php\/uslugi-kamieniarskie\/#breadcrumb","itemListElement":[{"@type":"ListItem","position":1,"name":"Strona g\u0142\u00f3wna","item":"https:\/\/kamieniarstwokacpra.dev.phuceno.pl\/"},{"@type":"ListItem","position":2,"name":"Us\u0142ugi"}]},{"@type":"WebSite","@id":"https:\/\/kamieniarstwokacpra.dev.phuceno.pl\/#website","url":"https:\/\/kamieniarstwokacpra.dev.phuceno.pl\/","name":"Kamieniarstwo Kacpra","description":"Kompleksowe prace z kamienia naturalnego","publisher":{"@id":"https:\/\/kamieniarstwokacpra.dev.phuceno.pl\/#organization"},"potentialAction":[{"@type":"SearchAction","target":{"@type":"EntryPoint","urlTemplate":"https:\/\/kamieniarstwokacpra.dev.phuceno.pl\/?s={search_term_string}"},"query-input":{"@type":"PropertyValueSpecification","valueRequired":true,"valueName":"search_term_string"}}],"inLanguage":"pl-PL"},{"@type":"Organization","@id":"https:\/\/kamieniarstwokacpra.dev.phuceno.pl\/#organization","name":"Kamieniarstwo Kacpra","url":"https:\/\/kamieniarstwokacpra.dev.phuceno.pl\/","logo":{"@type":"ImageObject","inLanguage":"pl-PL","@id":"https:\/\/kamieniarstwokacpra.dev.phuceno.pl\/#\/schema\/logo\/image\/","url":"https:\/\/kamieniarstwokacpra.dev.phuceno.pl\/wp-content\/uploads\/2023\/03\/cropped-logo.webp","contentUrl":"https:\/\/kamieniarstwokacpra.dev.phuceno.pl\/wp-content\/uploads\/2023\/03\/cropped-logo.webp","width":500,"height":500,"caption":"Kamieniarstwo Kacpra"},"image":{"@id":"https:\/\/kamieniarstwokacpra.dev.phuceno.pl\/#\/schema\/logo\/image\/"}}]}},"_links":{"self":[{"href":"https:\/\/kamieniarstwokacpra.dev.phuceno.pl\/index.php\/wp-json\/wp\/v2\/pages\/1622","targetHints":{"allow":["GET"]}}],"collection":[{"href":"https:\/\/kamieniarstwokacpra.dev.phuceno.pl\/index.php\/wp-json\/wp\/v2\/pages"}],"about":[{"href":"https:\/\/kamieniarstwokacpra.dev.phuceno.pl\/index.php\/wp-json\/wp\/v2\/types\/page"}],"author":[{"embeddable":true,"href":"https:\/\/kamieniarstwokacpra.dev.phuceno.pl\/index.php\/wp-json\/wp\/v2\/users\/1"}],"replies":[{"embeddable":true,"href":"https:\/\/kamieniarstwokacpra.dev.phuceno.pl\/index.php\/wp-json\/wp\/v2\/comments?post=1622"}],"version-history":[{"count":18,"href":"https:\/\/kamieniarstwokacpra.dev.phuceno.pl\/index.php\/wp-json\/wp\/v2\/pages\/1622\/revisions"}],"predecessor-version":[{"id":1823,"href":"https:\/\/kamieniarstwokacpra.dev.phuceno.pl\/index.php\/wp-json\/wp\/v2\/pages\/1622\/revisions\/1823"}],"wp:attachment":[{"href":"https:\/\/kamieniarstwokacpra.dev.phuceno.pl\/index.php\/wp-json\/wp\/v2\/media?parent=1622"}],"curies":[{"name":"wp","href":"https:\/\/api.w.org\/{rel}","templated":true}]}}